{"id":335,"date":"2021-04-21T15:21:33","date_gmt":"2021-04-21T14:21:33","guid":{"rendered":"https:\/\/casa-comun-2022.de\/?page_id=335"},"modified":"2021-04-21T16:43:55","modified_gmt":"2021-04-21T15:43:55","slug":"internationale-auftaktveranstaltung-am-14-05-2021","status":"publish","type":"page","link":"https:\/\/casa-comun-2022.de\/fr\/internationale-auftaktveranstaltung-am-14-05-2021\/","title":{"rendered":"Internationale Auftaktveranstaltung der Casa Comun-Initiative am 14.05.2021"},"content":{"rendered":"\n<p><strong>Internationaler LAUNCH der Casa Comun-Initiative<\/strong><\/p>\n\n\n\n<p><strong>14. Mai 2021, 14.00 \u2013 17.00 Uhr<\/strong><\/p>\n\n\n\n<p>Beginn: 14.00 Uhr deutscher Zeit [der Zoom-Link ist ab 13.45 Uhr zug\u00e4nglich]<\/p>\n\n\n\n<p>Die Veranstaltung wird simultan \u00fcbersetzt in Englisch, Spanisch, Deutsch.<\/p>\n\n\n\n<p><strong>Programm:<\/strong><\/p>\n\n\n\n<p>14.00: Begr\u00fc\u00dfung, Vorstellung der Casa Comun-Initiative, Erl\u00e4uterung des Programms, technische Hinweise zu Breakout Rooms<\/p>\n\n\n\n<p>14.15: Impulsreferate: Zur sozial-\u00f6kologischen wie theologisch-ekklesiologischen Notwendigkeit und Dringlichkeit einer prophetisch(er)en \u00f6kumenischen Bewegung (je max. 15 Min.)<br>&#8211; <em>Prof. Dr. <\/em><em>Nancy Cardoso<\/em> <em>Pereira, <\/em>Hochschullehrerin f\u00fcr Theologie (Luanda-R\u00edo de Janeiro)<br>&#8211; <em>Rev.<\/em><em>Dr. <\/em><em>Chris Ferguson, <\/em>Generalsekret\u00e4r der Weltgemeinschaft Reformierter Kirchen (Hannover-Toronto)<br>&#8211; <em>Dr. <\/em><em>Aruna Gnanadason, <\/em>vormalige Exekutivdirektorin im Generalsekretariat des \u00d6kumenischen Rates der Kirchen (Chennai)<br>&#8211; <em>Dr. <\/em><em>Marthie Momberg,<\/em> Forscherin am Beyers Naud\u00e9 Centre f\u00fcr \u00f6ffentliche Theologie an der Universit\u00e4t Stellenbosch (Western Cape\/S\u00fcdafrika)<\/p>\n\n\n\n<p>15.15: Podium mit den obigen Referent*innen: Welches sind die zentralen n\u00e4chsten Schritte, um der Casa Comun-Initiative auf dem Weg zur \u00d6RK-Vollversammlung im September 2022 in Karlsruhe R\u00fcckenwind zu verleihen?<\/p>\n\n\n\n<p>15.45: Arbeit in Breakout Rooms (Aufteilung nach Sprachen und\/oder Regionen) zu folgenden Fragen: Welche Themen und welche regionalen, kontinentalen und internationalen Vernetzungen sind von besonderer Relevanz? Mithilfe welcher Strategien l\u00e4sst sich am ehesten auf die Vollversammlung Einfluss nehmen \u2013 bereits im Vorfeld wie in Karlsruhe selbst? Welches m\u00fcssten auf dem Weg nach Karlsruhe die n\u00e4chsten konkreten Schritte sein? Wie lassen sich am besten Anf\u00e4nge der Selbstorganisation auf den Kontinenten bzw. nach thematischen Schwerpunkten bef\u00f6rdern?<\/p>\n\n\n\n<p>16.45: Plenum: Kurzvoten aus den Breakout Rooms werden vorgestellt<\/p>\n\n\n\n<p>16.55: Res\u00fcmee \/ Ausblick<\/p>\n\n\n\n<p>17.00: Ende<\/p>\n\n\n\n<p><strong>Info\/<\/strong><strong>Kontakt:<\/strong> \u00d6kumenische Vernetzung Casa Comun 2022<\/p>\n\n\n\n<p>Martin G\u00fcck | Koordination<\/p>\n\n\n\n<p>Fon: +49 6221 800255 | Mobil: +49 176 54471059<\/p>\n\n\n\n<p>E-Mail: info@casa-comun-2022.de | www.casa-comun-2022.de<\/p>\n\n\n\n<p><strong>Anmeldung:<\/strong> https:\/\/www.ev-akademie-boll.de\/nc\/programm\/anmeldung\/431421.html<\/p>\n","protected":false},"excerpt":{"rendered":"<p>Internationaler LAUNCH der Casa Comun-Initiative 14. Mai 2021, 14.00 \u2013 17.00 Uhr Beginn: 14.00 Uhr deutscher Zeit [der Zoom-Link ist ab 13.45 Uhr zug\u00e4nglich] Die Veranstaltung wird simultan \u00fcbersetzt in Englisch, Spanisch, Deutsch. Programm: 14.00: Begr\u00fc\u00dfung, Vorstellung der Casa Comun-Initiative, Erl\u00e4uterung des Programms, technische Hinweise zu Breakout Rooms 14.15: Impulsreferate: Zur sozial-\u00f6kologischen wie theologisch-ekklesiologischen Notwendigkeit [&hellip;]<\/p>\n","protected":false},"author":1,"featured_media":0,"parent":0,"menu_order":0,"comment_status":"closed","ping_status":"closed","template":"","meta":{"_mc_calendar":[],"footnotes":""},"class_list":["post-335","page","type-page","status-publish","hentry"],"translation":{"provider":"WPGlobus","version":"3.0.1","language":"fr","enabled_languages":["de","gb","es","fr"],"languages":{"de":{"title":true,"content":true,"excerpt":false},"gb":{"title":false,"content":false,"excerpt":false},"es":{"title":false,"content":false,"excerpt":false},"fr":{"title":false,"content":false,"excerpt":false}}},"_links":{"self":[{"href":"https:\/\/casa-comun-2022.de\/fr\/wp-json\/wp\/v2\/pages\/335","targetHints":{"allow":["GET"]}}],"collection":[{"href":"https:\/\/casa-comun-2022.de\/fr\/wp-json\/wp\/v2\/pages"}],"about":[{"href":"https:\/\/casa-comun-2022.de\/fr\/wp-json\/wp\/v2\/types\/page"}],"author":[{"embeddable":true,"href":"https:\/\/casa-comun-2022.de\/fr\/wp-json\/wp\/v2\/users\/1"}],"replies":[{"embeddable":true,"href":"https:\/\/casa-comun-2022.de\/fr\/wp-json\/wp\/v2\/comments?post=335"}],"version-history":[{"count":4,"href":"https:\/\/casa-comun-2022.de\/fr\/wp-json\/wp\/v2\/pages\/335\/revisions"}],"predecessor-version":[{"id":359,"href":"https:\/\/casa-comun-2022.de\/fr\/wp-json\/wp\/v2\/pages\/335\/revisions\/359"}],"wp:attachment":[{"href":"https:\/\/casa-comun-2022.de\/fr\/wp-json\/wp\/v2\/media?parent=335"}],"curies":[{"name":"wp","href":"https:\/\/api.w.org\/{rel}","templated":true}]}}

<p><strong>Internationaler LAUNCH der Casa Comun-Initiative</strong></p>



<p><strong>14. Mai 2021, 14.00 – 17.00 Uhr</strong></p>



<p>Beginn: 14.00 Uhr deutscher Zeit [der Zoom-Link ist ab 13.45 Uhr zugänglich]</p>



<p>Die Veranstaltung wird simultan übersetzt in Englisch, Spanisch, Deutsch.</p>



<p><strong>Programm:</strong></p>



<p>14.00: Begrüßung, Vorstellung der Casa Comun-Initiative, Erläuterung des Programms, technische Hinweise zu Breakout Rooms</p>



<p>14.15: Impulsreferate: Zur sozial-ökologischen wie theologisch-ekklesiologischen Notwendigkeit und Dringlichkeit einer prophetisch(er)en ökumenischen Bewegung (je max. 15 Min.)<br>&#8211; <em>Prof. Dr. </em><em>Nancy Cardoso</em> <em>Pereira, </em>Hochschullehrerin für Theologie (Luanda-Río de Janeiro)<br>&#8211; <em>Rev.</em><em>Dr. </em><em>Chris Ferguson, </em>Generalsekretär der Weltgemeinschaft Reformierter Kirchen (Hannover-Toronto)<br>&#8211; <em>Dr. </em><em>Aruna Gnanadason, </em>vormalige Exekutivdirektorin im Generalsekretariat des Ökumenischen Rates der Kirchen (Chennai)<br>&#8211; <em>Dr. </em><em>Marthie Momberg,</em> Forscherin am Beyers Naudé Centre für öffentliche Theologie an der Universität Stellenbosch (Western Cape/Südafrika)</p>



<p>15.15: Podium mit den obigen Referent*innen: Welches sind die zentralen nächsten Schritte, um der Casa Comun-Initiative auf dem Weg zur ÖRK-Vollversammlung im September 2022 in Karlsruhe Rückenwind zu verleihen?</p>



<p>15.45: Arbeit in Breakout Rooms (Aufteilung nach Sprachen und/oder Regionen) zu folgenden Fragen: Welche Themen und welche regionalen, kontinentalen und internationalen Vernetzungen sind von besonderer Relevanz? Mithilfe welcher Strategien lässt sich am ehesten auf die Vollversammlung Einfluss nehmen – bereits im Vorfeld wie in Karlsruhe selbst? Welches müssten auf dem Weg nach Karlsruhe die nächsten konkreten Schritte sein? Wie lassen sich am besten Anfänge der Selbstorganisation auf den Kontinenten bzw. nach thematischen Schwerpunkten befördern?</p>



<p>16.45: Plenum: Kurzvoten aus den Breakout Rooms werden vorgestellt</p>



<p>16.55: Resümee / Ausblick</p>



<p>17.00: Ende</p>



<p><strong>Info/</strong><strong>Kontakt:</strong> Ökumenische Vernetzung Casa Comun 2022</p>



<p>Martin Gück | Koordination</p>



<p>Fon: +49 6221 800255 | Mobil: +49 176 54471059</p>



<p>E-Mail: info@casa-comun-2022.de | www.casa-comun-2022.de</p>



<p><strong>Anmeldung:</strong> https://www.ev-akademie-boll.de/nc/programm/anmeldung/431421.html</p>

<p>Internationaler LAUNCH der Casa Comun-Initiative 14. Mai 2021, 14.00 – 17.00 Uhr Beginn: 14.00 Uhr deutscher Zeit [der Zoom-Link ist ab 13.45 Uhr zugänglich] Die Veranstaltung wird simultan übersetzt in Englisch, Spanisch, Deutsch. Programm: 14.00: Begrüßung, Vorstellung der Casa Comun-Initiative, Erläuterung des Programms, technische Hinweise zu Breakout Rooms 14.15: Impulsreferate: Zur sozial-ökologischen wie theologisch-ekklesiologischen Notwendigkeit [&hellip;]</p>
